4 and 1162?
166
Calculate the highest common divisor of 16 and 400.
16
Calculate the highest common divisor of 17 and 60707.
17
What is the highest common factor of 6 and 87?
3
What is the greatest common factor of 64 and 336?
16
Calculate the greatest common factor of 2848 and 16.
16
Calculate the greatest common factor of 495 and 45.
45
Calculate the highest common factor of 9 and 99.
9
Calculate the greatest common factor of 2420 and 20.
20
Calculate the greatest common divisor of 325 and 1495.
65
What is the highest common divisor of 288 and 1683?
9
What is the highest common factor of 2575 and 100?
25
What is the highest common divisor of 1280 and 240?
80
Calculate the greatest common factor of 33 and 87.
3
Calculate the highest common factor of 30 and 930.
30
What is the highest common factor of 72 and 8676?
36
Calculate the highest common factor of 395 and 158.
79
What is the highest common factor of 301 and 387?
43
What is the greatest common divisor of 391 and 23?
23
Calculate the highest common factor of 35204 and 52.
52
Calculate the greatest common divisor of 81 and 49977.
81
What is the highest common divisor of 1221 and 111?
111
What is the greatest common divisor of 58 and 2?
2
Calculate the highest common factor of 91 and 234.
13
Calculate the highest common divisor of 78 and 534.
6
Calculate the greatest common divisor of 45 and 18.
9
Calculate the highest common divisor of 18 and 45.
9
Calculate the greatest common divisor of 31 and 2449.
31
Calculate the greatest common factor of 216 and 594.
54
What is the highest common factor of 882 and 98?
98
What is the greatest common divisor of 663 and 51?
51
What is the greatest common factor of 1020 and 60?
60
What is the greatest common factor of 66 and 297?
33
What is the greatest common divisor of 1183 and 676?
169
What is the greatest common factor of 45 and 47745?
45
What is the greatest common divisor of 435 and 232?
29
Calculate the highest common factor of 9 and 183.
3
What is the highest common divisor of 275 and 11?
11
What is the greatest common divisor of 400 and 25?
25
Calculate the greatest common divisor of 6657 and 21.
21
Calculate the highest common divisor of 123 and 90282.
123
Calculate the greatest common factor of 3225 and 275.
25
What is the highest common factor of 5184 and 1377?
81
Calculate the greatest common divisor of 320 and 2480.
80
What is the greatest common factor of 48 and 768?
48
What is the greatest common factor of 5 and 3?
1
Calculate the greatest common factor of 12 and 8412.
12
Calculate the highest common divisor of 200 and 125.
25
What is the greatest common factor of 13458 and 12?
6
What is the greatest common divisor of 378 and 1566?
54
Calculate the greatest common factor of 144 and 120.
24
What is the highest common factor of 560 and 70?
70
Calculate the highest common factor of 4715 and 207.
23
Calculate the greatest common divisor of 9 and 2583.
9
Calculate the highest common factor of 41 and 369.
41
Calculate the greatest common factor of 45 and 27.
9
What is the highest common divisor of 1044 and 372?
12
What is the greatest common divisor of 1 and 389?
1
What is the greatest common factor of 206 and 103?
103
What is the highest common factor of 65 and 273?
13
Calculate the highest common divisor of 420 and 1932.
84
Calculate the highest common divisor of 1173 and 46.
23
Calculate the highest common factor of 546 and 28.
14
What is the greatest common factor of 8 and 10232?
8
Calculate the highest common divisor of 387 and 301.
43
What is the highest common divisor of 1184 and 2812?
148
What is the greatest common divisor of 1352 and 20?
4
What is the greatest common divisor of 4 and 147?
1
Calculate the highest common divisor of 2 and 2.
2
What is the highest common divisor of 536 and 67?
67
What is the highest common divisor of 128 and 144?
16
Calculate the greatest common divisor of 17 and 221.
17
What is the highest common factor of 2494 and 258?
86
Calculate the highest common divisor of 22 and 2.
2
What is the greatest common divisor of 387 and 1677?
129
What is the greatest common factor of 1377 and 102?
51
What is the greatest common factor of 34 and 136?
34
What is the greatest common divisor of 1892 and 1320?
44
Calculate the highest common divisor of 4778 and 2.
2
What is the greatest common divisor of 322 and 112?
14
Calculate the greatest common factor of 413 and 177.
59
Calculate the greatest common factor of 7 and 301.
7
What is the greatest common factor of 3068 and 52?
52
Calculate the highest common divisor of 119 and 17.
17
What is the highest common factor of 1785 and 60?
15
Calculate the greatest common divisor of 14 and 15379.
7
What is the highest common factor of 57 and 437?
19
What is the greatest common divisor of 69 and 2783?
23
Calculate the highest common factor of 4 and 52.
4
Calculate the highest common factor of 17 and 35513.
17
Calculate the greatest common factor of 4374 and 54.
54
Calculate the highest common factor of 56 and 320.
8
Calculate the highest common factor of 736 and 6164.
92
What is the highest common divisor of 30 and 8?
2
Calculate the greatest common factor of 6 and 267.
3
Calculate the highest common divisor of 11 and 8470.
11
What is the highest common factor of 36 and 171?
9
What is the greatest common divisor of 81 and 261?
9
Calculate the highest common factor of 11 and 1727.
11
Calculate the highest common divisor of 8 and 16.
8
What is the highest common divisor of 321 and 11663?
107
Calculate the highest common factor of 128 and 224.
32
What is the highest common divisor of 2173 and 53?
53
What is the highest common factor of 4445 and 3048?
127
Calculate the greatest common divisor of 160 and 640.
160
Calculate the highest common divisor of 102 and 272.
34
What is the highest common divisor of 1586 and 13?
13
What is the greatest common factor of 3992 and 56?
8
Calculate the highest common divisor of 4948 and 4.
4
What is the greatest common factor of 1998 and 567?
27
What is the highest common factor of 222 and 6?
6
Calculate the highest common divisor of 135 and 369.
9
Calculate the highest common divisor of 76 and 1007.
19
What is the highest common factor of 135 and 1200?
15
Calculate the highest common divisor of 20290 and 30.
10
What is the highest common factor of 1780 and 60?
20
Calculate the greatest common divisor of 56 and 768.
8
Calculate the highest common divisor of 5662 and 38.
38
What is the greatest common divisor of 312 and 1144?
104
Calculate the highest common divisor of 77 and 77.
77
Calculate the greatest common divisor of 203 and 1946.
7
What is the highest common factor of 1072 and 16?
16
What is the highest common divisor of 23 and 23?
23
Calculate the highest common divisor of 722 and 19.
19
Calculate the highest common divisor of 25 and 135.
5
What is the highest common factor of 85 and 5?
5
What is the greatest common factor of 91 and 455?
91
What is the greatest common divisor of 900 and 72?
36
What is the highest common factor of 6564 and 108?
12
Calculate the greatest common factor of 700 and 56.
28
Calculate the greatest common factor of 17 and 5.
1
Calculate the greatest common factor of 3116 and 152.
76
Calculate the highest common divisor of 1703 and 655.
131
Calculate the highest common divisor of 1413 and 63.
9
What is the highest common factor of 7469 and 22?
11
What is the greatest common divisor of 30 and 380?
10
What is the greatest common divisor of 200 and 1120?
40
What is the highest common factor of 150 and 320?
10
What is the greatest common divisor of 279 and 126?
9
Calculate the highest common divisor of 1673 and 14.
7
Calculate the greatest common divisor of 266 and 304.
38
Calculate the highest common divisor of 160 and 1520.
80
What is the greatest common divisor of 45 and 1140?
15
Calculate the highest common divisor of 1224 and 714.
102
Calculate the greatest common factor of 1696 and 176.
16
What is the highest common divisor of 296 and 24?
8
What is the highest common factor of 117 and 11427?
39
Calculate the highest common factor of 8 and 13.
1
What is the greatest common divisor of 413 and 7?
7
What is the greatest common factor of 154 and 264?
22
Calculate the greatest common factor of 775 and 341.
31
What is the 